{"id":1826,"date":"2021-04-22T10:49:16","date_gmt":"2021-04-22T13:49:16","guid":{"rendered":"https:\/\/esquemaunico.com.br\/bauru\/?page_id=1826"},"modified":"2021-04-22T10:49:18","modified_gmt":"2021-04-22T13:49:18","slug":"politica-de-privacidade","status":"publish","type":"page","link":"https:\/\/esquemaunico.com.br\/bauru\/politica-de-privacidade\/","title":{"rendered":"Pol\u00edtica de Privacidade"},"content":{"rendered":"\n<p>Bem-vindo(a),<\/p>\n\n\n\n<p>Esquema \u00danico Integrado EIRELI (\u201cEsquema \u00danico Bauru\u201d ou \u201cGrupo Esquema \u00danico\u201d) oferece a seus clientes, parceiros e ao p\u00fablico em geral, por interm\u00e9dio deste site, informa\u00e7\u00f5es acerca das atividades desenvolvidas pela ag\u00eancia.<\/p>\n\n\n\n<p>Objetiva-se, por meio dessa Pol\u00edtica de Privacidade, demonstrar o compromisso de respeitar a sua privacidade a partir de entendimentos claros como os seus dados pessoais ser\u00e3o coletados e tratados no nosso website ou eventuais p\u00e1ginas especificas para divulgar nossos eventos e publica\u00e7\u00f5es, de acordo com a Lei Geral de Prote\u00e7\u00e3o de Dados.<\/p>\n\n\n\n<p>Recomenda-se que a Pol\u00edtica de Privacidade seja lida com aten\u00e7\u00e3o, visto que descreve as formas de tratamento de dados pessoais fornecidas por voc\u00ea ao acessar e navegar no site do Esquema \u00danico. Se porventura voc\u00ea n\u00e3o concordar com alguma disposi\u00e7\u00e3o estampada na Pol\u00edtica, n\u00e3o deve utilizar nosso site.<\/p>\n\n\n\n<p>Esta Pol\u00edtica de Privacidade abrange os seguintes t\u00f3picos:<\/p>\n\n\n\n<p><\/p>\n\n\n\n<p><strong>1. Quais tipos de dados coletados pelo Esquema \u00danico<\/strong><\/p>\n\n\n\n<p><strong>2. O Esquema \u00danico<\/strong> <strong>realiza o compartilhamento dos seus dados? <\/strong><\/p>\n\n\n\n<p><strong>3.<\/strong> <strong>Por quanto tempo esses dados ser\u00e3o guardados? <\/strong><\/p>\n\n\n\n<p><strong>4.&nbsp;Corre\u00e7\u00e3o, atualiza\u00e7\u00e3o e exclus\u00e3o de dados pessoais <\/strong><\/p>\n\n\n\n<p><strong>5.&nbsp;Como funciona a Seguran\u00e7a da Informa\u00e7\u00e3o no Esquema \u00danico? <\/strong><\/p>\n\n\n\n<p><strong>6.&nbsp;Reclama\u00e7\u00f5es ou d\u00favidas <\/strong><\/p>\n\n\n\n<p><strong>7.&nbsp;Altera\u00e7\u00f5es<\/strong><\/p>\n\n\n\n<ol class=\"wp-block-list\" type=\"1\"><li><strong>Quais tipos de dados coletados pelo Esquema \u00danico?<\/strong><\/li><\/ol>\n\n\n\n<p>O Esquema \u00danico coleta apenas aqueles dados estritamente necess\u00e1rios para alcan\u00e7ar os objetivos desse site ou a realiza\u00e7\u00e3o de presta\u00e7\u00e3o de servi\u00e7os \u00e0 voc\u00ea. Os dados coletados ou fornecidos diretamente s\u00e3o tratados como confidenciais, e somente ser\u00e3o utilizados para os fins especificados e\/ou autorizados por voc\u00ea, da seguinte forma:<\/p>\n\n\n\n<figure class=\"wp-block-table\"><table><tbody><tr><td><strong>Finalidade<\/strong><\/td><td><strong>Dados pessoais<\/strong><\/td><td><strong>Hip\u00f3tese de tratamento<\/strong><\/td><\/tr><tr><td>Fale conosco<\/td><td>Nome, telefone, e-mail e mensagem enviada<\/td><td>Consentimento<\/td><\/tr><\/tbody><\/table><\/figure>\n\n\n\n<p><\/p>\n\n\n\n<ul class=\"wp-block-list\"><li><strong>O Esquema \u00danicorealiza o compartilhamento dos seus dados?<\/strong><\/li><\/ul>\n\n\n\n<p>O Esquema \u00danico pode realizar o compartilhamento de todas as informa\u00e7\u00f5es coletadas sobre voc\u00ea com parceiros e\/ou contratados do Esquema \u00danico, que s\u00e3o pessoas jur\u00eddicas contratadas exclusivamente para oferecer servi\u00e7os previstos no site, os quais estar\u00e3o autorizados a utilizar os dados pessoais apenas para as finalidades especificadas nesta Pol\u00edtica de Privacidade, n\u00e3o sendo poss\u00edvel utilizar os seus dados pessoais para outras finalidades.<\/p>\n\n\n\n<p>O Esquema \u00danico n\u00e3o empresta ou comercializa os seus dados pessoais para ningu\u00e9m. Os seus dados pessoais podem ser compartilhados com a seguinte empresa:<\/p>\n\n\n\n<figure class=\"wp-block-table\"><table><tbody><tr><td><strong>Google<\/strong><strong><\/strong> <strong>&nbsp;<\/strong><strong>Analytics<\/strong><\/td><td>Servi\u00e7o de web <em>analytics<\/em> que identifica os seus padr\u00f5es de navega\u00e7\u00e3o no nosso site, com o objetivo de obter informa\u00e7\u00f5es estat\u00edsticas sobre o uso, para que possamos melhorar a sua experi\u00eancia de navega\u00e7\u00e3o.<\/td><\/tr><tr><td>Pol\u00edtica de privacidade do Google: <a href=\"https:\/\/policies.google.com\/privacy\">https:\/\/policies.google.com\/privacy<\/a>.<\/td><\/tr><\/tbody><\/table><\/figure>\n\n\n\n<p><\/p>\n\n\n\n<p>O Esquema \u00danico se reserva no direito de acessar, preservar e fornecer quaisquer dados sobre voc\u00ea, caso sejam necess\u00e1rios para cumprir uma obriga\u00e7\u00e3o legal ou relatoria ou uma ordem judicial.<\/p>\n\n\n\n<ul class=\"wp-block-list\"><li><strong>Por quanto tempo esses dados ser\u00e3o guardados?<\/strong><\/li><\/ul>\n\n\n\n<p>Os seus dados pessoais ser\u00e3o armazenados t\u00e3o somente pelo per\u00edodo necess\u00e1rio para o cumprimento das finalidades para os quais eles foram inicialmente coletados n\u00e3o s\u00f3 para fins de cumprimento de obriga\u00e7\u00e3o legal, contratual ou eventual requisi\u00e7\u00e3o de autoridades competentes.<\/p>\n\n\n\n<ul class=\"wp-block-list\"><li><strong>Corre\u00e7\u00e3o, atualiza\u00e7\u00e3o e exclus\u00e3o de dados pessoais<\/strong><\/li><\/ul>\n\n\n\n<p>Os dados ser\u00e3o exclu\u00eddos do nosso servidor a partir do momento em que voc\u00ea requisitar a falta de interesse em receber algum conte\u00fado sobre o Esquema \u00danico ou quando estes n\u00e3o forem mais necess\u00e1rios para que o Esquema \u00danico possa oferecer os seus servi\u00e7os, salvo se houver outra raz\u00e3o para a sua manuten\u00e7\u00e3o, como exemplo, mas n\u00e3o se limitando a obriga\u00e7\u00e3o legal de reten\u00e7\u00e3o de dados ou necessidade de preserva\u00e7\u00e3o para resguardar direitos.<\/p>\n\n\n\n<p>O Esquema \u00danico fornecer\u00e1, ainda, a possibilidade de garantir que os seus dados pessoas estejam atualizados e precisos conforme os princ\u00edpios previstos na Lei Geral de Prote\u00e7\u00e3o de Dados. Para tanto, far-se-\u00e1 necess\u00e1rio enviar um e-mail para o endere\u00e7o eletr\u00f4nico esquemaunico@esquemaunico.com.br, momento em que ser\u00e3o voltados os esfor\u00e7os necess\u00e1rios para atender a sua requisi\u00e7\u00e3o.<\/p>\n\n\n\n<p>O Esquema \u00danico, tamb\u00e9m, poder\u00e1 fornecer a voc\u00ea uma c\u00f3pia de todos os seus dados pessoais que existem no nosso servi\u00e7o, de modo a possibilitar a efetiva\u00e7\u00e3o do direito a portabilidade para outro servi\u00e7o ou site. Para tanto, far-se-\u00e1 necess\u00e1rio enviar um e-mail para o endere\u00e7o eletr\u00f4nico esquemaunico@esquemaunico.com.br<\/p>\n\n\n\n<ul class=\"wp-block-list\"><li><strong>Como funciona a Seguran\u00e7a da Informa\u00e7\u00e3o no Esquema \u00danico?<\/strong><\/li><\/ul>\n\n\n\n<p>O Esquema \u00danico adotou todas as provid\u00eancias t\u00e9cnicas e organizacionais para proteger a sua privacidade dos seus dados pessoais contra acessos n\u00e3o autorizados, destrui\u00e7\u00e3o, perda, altera\u00e7\u00e3o, comunica\u00e7\u00e3o ou difus\u00e3o, tendo sido armazenados em um ambiente operacional seguro com controle de acesso.<\/p>\n\n\n\n<ul class=\"wp-block-list\"><li><strong>Reclama\u00e7\u00f5es ou d\u00favidas<\/strong><\/li><\/ul>\n\n\n\n<p>Caso voc\u00ea tenha alguma reclama\u00e7\u00e3o e\/ou d\u00favida sobre as pr\u00e1ticas de privacidade ou prote\u00e7\u00e3o de dados do Esquema \u00danico, envie um e-mail para esquemaunico@esquemaunico.com.br.<\/p>\n\n\n\n<ul class=\"wp-block-list\"><li><strong>Altera\u00e7\u00f5es<\/strong><\/li><\/ul>\n\n\n\n<p>O Esquema \u00danico reserva-se o direito de modificar essa Pol\u00edtica de Privacidade a qualquer momento, o que demonstra a import\u00e2ncia de acess\u00e1-la periodicamente. Para facilitar a compreens\u00e3o, foi indicado logo no in\u00edcio do documento a data da \u00faltima atualiza\u00e7\u00e3o. Caso, contudo, sejam feitas modifica\u00e7\u00f5es relevantes, o Esquema \u00danico o\/a informar\u00e1 previamente, com a finalidade de garantir o consentimento. Ao continuar a usar o site, voc\u00ea concorda em estar vinculado a presente Pol\u00edtica conforme alterada.<\/p>\n\n\n\n<p>\u00daltima atualiza\u00e7\u00e3o: 29 de abril de 2020.<\/p>\n","protected":false},"excerpt":{"rendered":"<p>Bem-vindo(a), Esquema \u00danico Integrado EIRELI (\u201cEsquema \u00danico Bauru\u201d ou \u201cGrupo Esquema \u00danico\u201d) oferece a seus clientes, parceiros e ao p\u00fablico em geral, por interm\u00e9dio deste site, informa\u00e7\u00f5es acerca das atividades desenvolvidas pela ag\u00eancia. Objetiva-se, por meio dessa Pol\u00edtica de Privacidade, demonstrar o compromisso de respeitar a sua privacidade a partir de entendimentos claros como os [&hellip;]<\/p>\n","protected":false},"author":1,"featured_media":0,"parent":0,"menu_order":0,"comment_status":"closed","ping_status":"closed","template":"","meta":{"_acf_changed":false,"footnotes":""},"class_list":["post-1826","page","type-page","status-publish","hentry"],"acf":[],"yoast_head":"<!-- This site is optimized with the Yoast SEO plugin v27.5 - https:\/\/yoast.com\/product\/yoast-seo-wordpress\/ -->\n<title>Pol\u00edtica de Privacidade - Esquema \u00danico - Bauru<\/title>\n<meta name=\"robots\" content=\"index, follow, max-snippet:-1, max-image-preview:large, max-video-preview:-1\" \/>\n<link rel=\"canonical\" href=\"https:\/\/esquemaunico.com.br\/bauru\/politica-de-privacidade\/\" \/>\n<meta property=\"og:locale\" content=\"pt_BR\" \/>\n<meta property=\"og:type\" content=\"article\" \/>\n<meta property=\"og:title\" content=\"Pol\u00edtica de Privacidade - Esquema \u00danico - Bauru\" \/>\n<meta property=\"og:description\" content=\"Bem-vindo(a), Esquema \u00danico Integrado EIRELI (\u201cEsquema \u00danico Bauru\u201d ou \u201cGrupo Esquema \u00danico\u201d) oferece a seus clientes, parceiros e ao p\u00fablico em geral, por interm\u00e9dio deste site, informa\u00e7\u00f5es acerca das atividades desenvolvidas pela ag\u00eancia. Objetiva-se, por meio dessa Pol\u00edtica de Privacidade, demonstrar o compromisso de respeitar a sua privacidade a partir de entendimentos claros como os [&hellip;]\" \/>\n<meta property=\"og:url\" content=\"https:\/\/esquemaunico.com.br\/bauru\/politica-de-privacidade\/\" \/>\n<meta property=\"og:site_name\" content=\"Esquema \u00danico - Bauru\" \/>\n<meta property=\"article:modified_time\" content=\"2021-04-22T13:49:18+00:00\" \/>\n<meta name=\"twitter:card\" content=\"summary_large_image\" \/>\n<meta name=\"twitter:label1\" content=\"Est. tempo de leitura\" \/>\n\t<meta name=\"twitter:data1\" content=\"4 minutos\" \/>\n<script type=\"application\/ld+json\" class=\"yoast-schema-graph\">{\"@context\":\"https:\\\/\\\/schema.org\",\"@graph\":[{\"@type\":\"WebPage\",\"@id\":\"https:\\\/\\\/esquemaunico.com.br\\\/bauru\\\/politica-de-privacidade\\\/\",\"url\":\"https:\\\/\\\/esquemaunico.com.br\\\/bauru\\\/politica-de-privacidade\\\/\",\"name\":\"Pol\u00edtica de Privacidade - Esquema \u00danico - Bauru\",\"isPartOf\":{\"@id\":\"https:\\\/\\\/esquemaunico.com.br\\\/bauru\\\/#website\"},\"datePublished\":\"2021-04-22T13:49:16+00:00\",\"dateModified\":\"2021-04-22T13:49:18+00:00\",\"breadcrumb\":{\"@id\":\"https:\\\/\\\/esquemaunico.com.br\\\/bauru\\\/politica-de-privacidade\\\/#breadcrumb\"},\"inLanguage\":\"pt-BR\",\"potentialAction\":[{\"@type\":\"ReadAction\",\"target\":[\"https:\\\/\\\/esquemaunico.com.br\\\/bauru\\\/politica-de-privacidade\\\/\"]}]},{\"@type\":\"BreadcrumbList\",\"@id\":\"https:\\\/\\\/esquemaunico.com.br\\\/bauru\\\/politica-de-privacidade\\\/#breadcrumb\",\"itemListElement\":[{\"@type\":\"ListItem\",\"position\":1,\"name\":\"In\u00edcio\",\"item\":\"https:\\\/\\\/esquemaunico.com.br\\\/bauru\\\/\"},{\"@type\":\"ListItem\",\"position\":2,\"name\":\"Pol\u00edtica de Privacidade\"}]},{\"@type\":\"WebSite\",\"@id\":\"https:\\\/\\\/esquemaunico.com.br\\\/bauru\\\/#website\",\"url\":\"https:\\\/\\\/esquemaunico.com.br\\\/bauru\\\/\",\"name\":\"Esquema \u00danico - Bauru\",\"description\":\"#SouMuitoMaisFelizAqui\",\"potentialAction\":[{\"@type\":\"SearchAction\",\"target\":{\"@type\":\"EntryPoint\",\"urlTemplate\":\"https:\\\/\\\/esquemaunico.com.br\\\/bauru\\\/?s={search_term_string}\"},\"query-input\":{\"@type\":\"PropertyValueSpecification\",\"valueRequired\":true,\"valueName\":\"search_term_string\"}}],\"inLanguage\":\"pt-BR\"}]}<\/script>\n<!-- \/ Yoast SEO plugin. -->","yoast_head_json":{"title":"Pol\u00edtica de Privacidade - Esquema \u00danico - Bauru","robots":{"index":"index","follow":"follow","max-snippet":"max-snippet:-1","max-image-preview":"max-image-preview:large","max-video-preview":"max-video-preview:-1"},"canonical":"https:\/\/esquemaunico.com.br\/bauru\/politica-de-privacidade\/","og_locale":"pt_BR","og_type":"article","og_title":"Pol\u00edtica de Privacidade - Esquema \u00danico - Bauru","og_description":"Bem-vindo(a), Esquema \u00danico Integrado EIRELI (\u201cEsquema \u00danico Bauru\u201d ou \u201cGrupo Esquema \u00danico\u201d) oferece a seus clientes, parceiros e ao p\u00fablico em geral, por interm\u00e9dio deste site, informa\u00e7\u00f5es acerca das atividades desenvolvidas pela ag\u00eancia. Objetiva-se, por meio dessa Pol\u00edtica de Privacidade, demonstrar o compromisso de respeitar a sua privacidade a partir de entendimentos claros como os [&hellip;]","og_url":"https:\/\/esquemaunico.com.br\/bauru\/politica-de-privacidade\/","og_site_name":"Esquema \u00danico - Bauru","article_modified_time":"2021-04-22T13:49:18+00:00","twitter_card":"summary_large_image","twitter_misc":{"Est. tempo de leitura":"4 minutos"},"schema":{"@context":"https:\/\/schema.org","@graph":[{"@type":"WebPage","@id":"https:\/\/esquemaunico.com.br\/bauru\/politica-de-privacidade\/","url":"https:\/\/esquemaunico.com.br\/bauru\/politica-de-privacidade\/","name":"Pol\u00edtica de Privacidade - Esquema \u00danico - Bauru","isPartOf":{"@id":"https:\/\/esquemaunico.com.br\/bauru\/#website"},"datePublished":"2021-04-22T13:49:16+00:00","dateModified":"2021-04-22T13:49:18+00:00","breadcrumb":{"@id":"https:\/\/esquemaunico.com.br\/bauru\/politica-de-privacidade\/#breadcrumb"},"inLanguage":"pt-BR","potentialAction":[{"@type":"ReadAction","target":["https:\/\/esquemaunico.com.br\/bauru\/politica-de-privacidade\/"]}]},{"@type":"BreadcrumbList","@id":"https:\/\/esquemaunico.com.br\/bauru\/politica-de-privacidade\/#breadcrumb","itemListElement":[{"@type":"ListItem","position":1,"name":"In\u00edcio","item":"https:\/\/esquemaunico.com.br\/bauru\/"},{"@type":"ListItem","position":2,"name":"Pol\u00edtica de Privacidade"}]},{"@type":"WebSite","@id":"https:\/\/esquemaunico.com.br\/bauru\/#website","url":"https:\/\/esquemaunico.com.br\/bauru\/","name":"Esquema \u00danico - Bauru","description":"#SouMuitoMaisFelizAqui","potentialAction":[{"@type":"SearchAction","target":{"@type":"EntryPoint","urlTemplate":"https:\/\/esquemaunico.com.br\/bauru\/?s={search_term_string}"},"query-input":{"@type":"PropertyValueSpecification","valueRequired":true,"valueName":"search_term_string"}}],"inLanguage":"pt-BR"}]}},"jetpack_sharing_enabled":true,"_links":{"self":[{"href":"https:\/\/esquemaunico.com.br\/bauru\/wp-json\/wp\/v2\/pages\/1826","targetHints":{"allow":["GET"]}}],"collection":[{"href":"https:\/\/esquemaunico.com.br\/bauru\/wp-json\/wp\/v2\/pages"}],"about":[{"href":"https:\/\/esquemaunico.com.br\/bauru\/wp-json\/wp\/v2\/types\/page"}],"author":[{"embeddable":true,"href":"https:\/\/esquemaunico.com.br\/bauru\/wp-json\/wp\/v2\/users\/1"}],"replies":[{"embeddable":true,"href":"https:\/\/esquemaunico.com.br\/bauru\/wp-json\/wp\/v2\/comments?post=1826"}],"version-history":[{"count":1,"href":"https:\/\/esquemaunico.com.br\/bauru\/wp-json\/wp\/v2\/pages\/1826\/revisions"}],"predecessor-version":[{"id":1827,"href":"https:\/\/esquemaunico.com.br\/bauru\/wp-json\/wp\/v2\/pages\/1826\/revisions\/1827"}],"wp:attachment":[{"href":"https:\/\/esquemaunico.com.br\/bauru\/wp-json\/wp\/v2\/media?parent=1826"}],"curies":[{"name":"wp","href":"https:\/\/api.w.org\/{rel}","templated":true}]}}